{"id":27,"date":"2008-10-23T16:36:38","date_gmt":"2008-10-23T14:36:38","guid":{"rendered":"http:\/\/www.parroquiasanmiguelarcangel.es\/web\/?page_id=27"},"modified":"2022-02-04T11:07:57","modified_gmt":"2022-02-04T10:07:57","slug":"secretaria-informacion-tramites-y-gestiones","status":"publish","type":"page","link":"http:\/\/www.parroquiasanmiguelarcangel.es\/web\/secretaria-informacion-tramites-y-gestiones","title":{"rendered":"Secretar\u00eda. Informaci\u00f3n tr\u00e1mites y gestiones"},"content":{"rendered":"<blockquote>\n<p style=\"text-align: justify;\">\n<\/blockquote>\n<p style=\"text-align: justify;\">La Secretar\u00eda parroquial permanecer\u00e1 abierta los <strong>Lunes, Mi\u00e9rcoles y Jueves de 18 a 20h<\/strong>.<\/p>\n<p style=\"text-align: justify;\">A trav\u00e9s de ella se pueden realizar los siguientes tr\u00e1mites:<\/p>\n<ul>\n<li><span style=\"text-decoration: underline;\">Solicitud de partidas y volantes de Bautismo y Matrimonio<\/span><\/li>\n<\/ul>\n<p style=\"text-align: justify; padding-left: 30px;\">Bautismo<\/p>\n<p style=\"text-align: justify; padding-left: 60px;\">Es preciso conocer la fecha de Bautismo, o en su defecto, la de nacimiento.<\/p>\n<p style=\"text-align: justify; padding-left: 30px;\">Matrimonio<\/p>\n<p style=\"text-align: justify; padding-left: 60px;\">Es preciso conocer la fecha del enlace matrimonial.<\/p>\n<ul>\n<li><span style=\"text-decoration: underline;\">Expedientes matrimoniales<\/span><\/li>\n<\/ul>\n<p style=\"text-align: justify; padding-left: 60px;\">Se precisa para abrir el expediente y solicitar una cita:<\/p>\n<p style=\"text-align: justify; padding-left: 60px;\">1. Partidas de Bautismo de los dos c\u00f3nyuges. Si son expedidos fuera de la Di\u00f3cesis de Madrid, \u00e9stos deben ser legalizados.<\/p>\n<p style=\"text-align: justify; padding-left: 60px;\">2. Libro de familia o partidas de nacimiento.<\/p>\n<p style=\"text-align: justify; padding-left: 60px;\">3. Acreditaci\u00f3n o justificante de la realizaci\u00f3n de los cursillos prematrimoniales.<\/p>\n<p style=\"text-align: justify; padding-left: 60px;\">4. Propuesta de fecha para el enlace.<\/p>\n<ul>\n<li><span style=\"text-decoration: underline;\">Petici\u00f3n de funeral de \u00f3bito, primer aniversario y recordatorio<\/span><\/li>\n<\/ul>\n<p style=\"text-align: justify; padding-left: 60px;\">Los funerales se celebrar\u00e1n de lunes a viernes.<\/p>\n<ul>\n<li><a href=\"http:\/\/www.parroquiasanmiguelarcangel.es\/web\/ayuda-a-tu-iglesia\"><span style=\"text-decoration: underline;\">Inscripci\u00f3n para alta de cuota fija y donativos<\/span><\/a><\/li>\n<\/ul>\n<ul>\n<li><span style=\"text-decoration: underline;\">Inscripci\u00f3n en Ejercicios Espirituales para adultos y excursiones<\/span><\/li>\n<\/ul>\n","protected":false},"excerpt":{"rendered":"<p>La Secretar\u00eda parroquial permanecer\u00e1 abierta los Lunes, Mi\u00e9rcoles y Jueves de 18 a 20h. A trav\u00e9s de ella se pueden realizar los siguientes tr\u00e1mites: Solicitud de partidas y volantes de [&hellip;]<\/p>\n","protected":false},"author":2,"featured_media":0,"parent":0,"menu_order":0,"comment_status":"closed","ping_status":"closed","template":"","meta":{"_et_pb_use_builder":"","_et_pb_old_content":"","_et_gb_content_width":"","_mc_calendar":[],"footnotes":""},"class_list":["post-27","page","type-page","status-publish","hentry"],"_links":{"self":[{"href":"http:\/\/www.parroquiasanmiguelarcangel.es\/web\/wp-json\/wp\/v2\/pages\/27","targetHints":{"allow":["GET"]}}],"collection":[{"href":"http:\/\/www.parroquiasanmiguelarcangel.es\/web\/wp-json\/wp\/v2\/pages"}],"about":[{"href":"http:\/\/www.parroquiasanmiguelarcangel.es\/web\/wp-json\/wp\/v2\/types\/page"}],"author":[{"embeddable":true,"href":"http:\/\/www.parroquiasanmiguelarcangel.es\/web\/wp-json\/wp\/v2\/users\/2"}],"replies":[{"embeddable":true,"href":"http:\/\/www.parroquiasanmiguelarcangel.es\/web\/wp-json\/wp\/v2\/comments?post=27"}],"version-history":[{"count":7,"href":"http:\/\/www.parroquiasanmiguelarcangel.es\/web\/wp-json\/wp\/v2\/pages\/27\/revisions"}],"predecessor-version":[{"id":4515,"href":"http:\/\/www.parroquiasanmiguelarcangel.es\/web\/wp-json\/wp\/v2\/pages\/27\/revisions\/4515"}],"wp:attachment":[{"href":"http:\/\/www.parroquiasanmiguelarcangel.es\/web\/wp-json\/wp\/v2\/media?parent=27"}],"curies":[{"name":"wp","href":"https:\/\/api.w.org\/{rel}","templated":true}]}}