{"id":3101,"date":"2013-03-06T12:46:45","date_gmt":"2013-03-06T11:46:45","guid":{"rendered":"http:\/\/www.parroquiasanmiguelarcangel.es\/web\/?page_id=3101"},"modified":"2013-03-06T19:39:08","modified_gmt":"2013-03-06T18:39:08","slug":"2-desafios-de-la-familia","status":"publish","type":"page","link":"http:\/\/www.parroquiasanmiguelarcangel.es\/web\/la-voz-del-parroco\/voces-anteriores\/2-desafios-de-la-familia","title":{"rendered":"2. DESAF\u00cdOS DE LA FAMILIA"},"content":{"rendered":"<h5>10 de diciembre de 2008<\/h5>\n<p>&nbsp;<\/p>\n<p style=\"text-align: center;\"><strong><span style=\"font-size: x-large;\">2. DESAF\u00cdOS DE LA FAMILIA<\/span><\/strong><\/p>\n<p style=\"text-align: center;\"><i>\u201cLa familia es el lugar del amor y la vida, mas a\u00fan, el lugar donde el amor engendra la vida,<br \/>\nporque ninguna de estas dos realidades ser\u00eda autentica, si no estuviese acompa\u00f1ada de la otra\u201d<\/i>(Juan Pablo II).<\/p>\n<p>&nbsp;<\/p>\n<p style=\"text-align: justify;\">Querido amigo\/a y hermano\/a: Paz<\/p>\n<p style=\"text-align: justify;\">Y siguiendo el tema de la familia, no podemos ignorar \u2013 afirma nuestro Obispo- la realidad que nos rodea, en la que esta hermosa realidad y verdad del matrimonio y la familia <strong>se ve acosada por graves deformaciones y obst\u00e1culos<\/strong>.<\/p>\n<p style=\"text-align: justify;\">Y aunque las afirmaciones globales pueden incurrir en parcialidad, podemos afirmar que hoy el matrimonio y la familia est\u00e1n pasando por un fuerte periodo de crisis. La raz\u00f3n fundamental no es otra que la <strong>p\u00e9rdida muy notable de valores morales<\/strong> que ha tenido lugar en los \u00faltimos a\u00f1os. Dec\u00eda Juan Pablo II all\u00e1 por 1987: \u201cel matrimonio y la familia est\u00e1n en peligro porque la fe y el sentido religioso ha muerto en muchas familias, porque los propios c\u00f3nyuges y, como consecuencia, tambi\u00e9n sus hijos se han hecho indiferentes ante Dios\u201d.<\/p>\n<p style=\"text-align: justify;\">Igualmente lo reconocen nuestros obispos en el Documento: <strong>La familia, Santuario de la vida y esperanza de la sociedad<\/strong>. Es por ello por lo que es preciso insistir en la aut\u00e9ntica necesidad de una \u201cadecuada preparaci\u00f3n al matrimonio\u201d. Son muchos los \u201cextrav\u00edos\u201d de la cultura \u201cpostmoderna\u201d que afectan a la familia. Solo por citar algunos: <strong>El matrimonio a prueba, las uniones libres de hecho, cat\u00f3licos unidos con mero v\u00ednculo civil, separados y divorciados no casados o casados de nuevo\u2026<\/strong> Son todas ellas situaciones que son \u2013sin duda- \u201cextrav\u00edos\u201d con respecto a la fe de la Iglesia. Existen otros muchos signos que suponen la degradaci\u00f3n de algunos valores fundamentales:<\/p>\n<p style=\"padding-left: 60px;\">&#8211; Una equivocada concepci\u00f3n te\u00f3rica y practica de la independencia de los c\u00f3nyuges entre si.<\/p>\n<p style=\"padding-left: 60px;\">&#8211; Las graves ambig\u00fcedades acerca de la relaci\u00f3n de autoridad entre padres e hijos.<\/p>\n<p style=\"padding-left: 60px;\">&#8211; El numero cada vez mayor de divorcios, la plaga del aborto, el frecuente recurso a la esterilizaci\u00f3n, la instauraci\u00f3n de la mentalidad anticoncepcional.<\/p>\n<p style=\"padding-left: 60px;\">&#8211; La corrupci\u00f3n de la idea de la experiencia de libertad, concebida como una fuerza aut\u00f3noma de autoafirmaci\u00f3n en orden al propio bienestar ego\u00edsta\u2026<\/p>\n<p style=\"text-align: justify;\">Ante tanto signo en contra de nuestra concepci\u00f3n de la familia, seguimos escuchando en nuestro interior m\u00e1s interior, aquellas palabras del Concilio:<\/p>\n<p>&nbsp;<\/p>\n<p style=\"text-align: center;\"><strong>\u201cLa familia es la primera escuela de virtudes sociales, de las cuales justamente tienen necesidad todas las sociedades\u201d<\/strong>.<\/p>\n","protected":false},"excerpt":{"rendered":"<p>10 de diciembre de 2008 &nbsp; 2. DESAF\u00cdOS DE LA FAMILIA \u201cLa familia es el lugar del amor y la vida, mas a\u00fan, el lugar donde el amor engendra la [&hellip;]<\/p>\n","protected":false},"author":2,"featured_media":0,"parent":544,"menu_order":0,"comment_status":"closed","ping_status":"closed","template":"","meta":{"_et_pb_use_builder":"","_et_pb_old_content":"","_et_gb_content_width":"","_mc_calendar":[],"footnotes":""},"class_list":["post-3101","page","type-page","status-publish","hentry"],"_links":{"self":[{"href":"http:\/\/www.parroquiasanmiguelarcangel.es\/web\/wp-json\/wp\/v2\/pages\/3101","targetHints":{"allow":["GET"]}}],"collection":[{"href":"http:\/\/www.parroquiasanmiguelarcangel.es\/web\/wp-json\/wp\/v2\/pages"}],"about":[{"href":"http:\/\/www.parroquiasanmiguelarcangel.es\/web\/wp-json\/wp\/v2\/types\/page"}],"author":[{"embeddable":true,"href":"http:\/\/www.parroquiasanmiguelarcangel.es\/web\/wp-json\/wp\/v2\/users\/2"}],"replies":[{"embeddable":true,"href":"http:\/\/www.parroquiasanmiguelarcangel.es\/web\/wp-json\/wp\/v2\/comments?post=3101"}],"version-history":[{"count":4,"href":"http:\/\/www.parroquiasanmiguelarcangel.es\/web\/wp-json\/wp\/v2\/pages\/3101\/revisions"}],"predecessor-version":[{"id":3121,"href":"http:\/\/www.parroquiasanmiguelarcangel.es\/web\/wp-json\/wp\/v2\/pages\/3101\/revisions\/3121"}],"up":[{"embeddable":true,"href":"http:\/\/www.parroquiasanmiguelarcangel.es\/web\/wp-json\/wp\/v2\/pages\/544"}],"wp:attachment":[{"href":"http:\/\/www.parroquiasanmiguelarcangel.es\/web\/wp-json\/wp\/v2\/media?parent=3101"}],"curies":[{"name":"wp","href":"https:\/\/api.w.org\/{rel}","templated":true}]}}