{"id":3601,"date":"2014-02-07T18:58:45","date_gmt":"2014-02-07T17:58:45","guid":{"rendered":"http:\/\/www.parroquiasanmiguelarcangel.es\/web\/?page_id=3601"},"modified":"2014-02-15T17:25:44","modified_gmt":"2014-02-15T16:25:44","slug":"china-la-iglesia-del-silencio","status":"publish","type":"page","link":"http:\/\/www.parroquiasanmiguelarcangel.es\/web\/china-la-iglesia-del-silencio","title":{"rendered":"China: La Iglesia del Silencio"},"content":{"rendered":"<p style=\"text-align: justify; padding-left: 40px;\"><strong>CHINA CELEBR\u00d3 EL D\u00cdA 31 DE ENERO SU A\u00d1O NUEVO<\/strong><\/p>\n<p style=\"text-align: justify;\">\u00a0\u00a0\u00a0China ha celebrado el d\u00eda 31 de enero el nuevo a\u00f1o, el del caballo, aunque los cat\u00f3licos chinos no ven cambios significativos en el r\u00e9gimen comunista, que sigue esclavizando a los creyentes, como ha denunciado el cardenal em\u00e9rito de Hong Kong Joseph Zen. <a href=\"http:\/\/es.gaudiumpress.org\/content\/55221\" target=\"_blanck\">Leer noticia<\/a><\/p>\n<p><img loading=\"lazy\" decoding=\"async\" onclick=\"document.getElementById('oculto').style.display='block'\" alt=\"\" src=\"http:\/\/www.parroquiasanmiguelarcangel.es\/web\/wp-content\/uploads\/2014\/01\/Leer_mas.gif\" width=\"70\" height=\"20\" align=\"middle\" \/><img loading=\"lazy\" decoding=\"async\" onclick=\"document.getElementById('oculto').style.display='none'\" alt=\"\" src=\"http:\/\/www.parroquiasanmiguelarcangel.es\/web\/wp-content\/uploads\/2014\/01\/Leer_menos.gif\" width=\"70\" height=\"20\" align=\"middle\" \/><\/p>\n<div id=\"oculto\" style=\"display: none;\">\n<p style=\"text-align: justify;\">\u00a0\u00a0\u00a0El efecto, provocado por el Papa Francisco, no ha llegado todav\u00eda a China, el gigante asi\u00e1tico, de 1.300 millones de habitantes. Es un pa\u00eds que vive una aut\u00e9ntica paradoja. Es ya la segunda potencia econ\u00f3mica del mundo, por encima de Jap\u00f3n y por detr\u00e1s de Estados Unidos. La econom\u00eda china crece anualmente un 6% y prev\u00e9 que dentro de dos a\u00f1os, en 2016, superar\u00e1 a Estados Unidos como primera potencia comercial mundial.<\/p>\n<p style=\"text-align: justify;\">\u00a0\u00a0\u00a0 Por el contrario, el r\u00e9gimen comunista mantiene una pol\u00edtica de absoluto control informativo y de negaci\u00f3n de libertades fundamentales como la religiosa. A este cuadro de un pa\u00eds totalitario se une un nuevo fen\u00f3meno: la corrupci\u00f3n generalizada, que alcanza a la clase dirigentes, que atesora fortunas en para\u00edsos fiscales, una informaci\u00f3n que hemos conocido en occidente, pero que nunca se divulgar\u00e1 en China. <a href=\"http:\/\/www.losandes.com.ar\/notas\/2014\/1\/23\/jerarcas-chino-esconden-fortunas-paraisos-fiscales-763137.asp\" target=\"_blank\">Leer art\u00edculo relacionado<\/a><\/p>\n<p style=\"text-align: justify;\">\u00a0\u00a0\u00a0Los cambios se imponen, pues una mayor\u00eda de poblaci\u00f3n joven, que no vivieron la revoluci\u00f3n cultural, reclaman cada vez m\u00e1s unas libertades que el r\u00e9gimen les niega.<\/p>\n<\/div>\n<p style=\"text-align: justify; padding-left: 40px;\"><strong>EL CRISTIANISMO ARRAIGA EN LAS CIUDADES<\/strong><\/p>\n<p><center><iframe loading=\"lazy\" src=\"\/\/www.youtube.com\/embed\/WyRk90OwJ3c\" height=\"390\" width=\"640\" allowfullscreen=\"\" frameborder=\"0\"><\/iframe><\/center><\/p>\n<p style=\"text-align: justify; padding-left: 40px;\"><strong>12 MILLONES DE CAT\u00d3LICOS CHINOS PIDEN VIVIR SU FE CON LIBERTAD<\/strong><\/p>\n<p style=\"text-align: justify;\">\u00a0\u00a0\u00a0La Iglesia Cat\u00f3lica en China se llamada Ti\u0101nzh\u01d4 ji\u00e0o,\u00a0 <em>Religi\u00f3n del Se\u00f1or del Cielo<\/em>. Se estima que hay unos 12 millones de cat\u00f3licos, una gota en un inmenso oc\u00e9ano. M\u00e1s de la mitad de esos cat\u00f3licos chinos viven en clandestinidad y est\u00e1n condenados al silencio por el gobierno comunista chino.<\/p>\n<p style=\"text-align: justify;\">\u00a0\u00a0\u00a0En el pa\u00eds hay 138 di\u00f3cesis regidas por 79 obispos oficiales. Otro n\u00famero incierto permanece en prisi\u00f3n por su fidelidad a Roma. O ejercen su ministerio de forma clandestina precisamente por esa misma fidelidad al Papa, exponi\u00e9ndose as\u00ed a ser detenidos en cualquier momento y desaparecer as\u00ed para siempre.<\/p>\n<p style=\"text-align: justify;\">\u00a0\u00a0\u00a0Los sacerdotes oficiales son m\u00e1s de 2.200. Existen 19 seminarios aprobados por el gobierno en donde estudian m\u00e1s de 1.300 seminaristas.<\/p>\n<p style=\"text-align: justify;\">\u00a0\u00a0\u00a0Los cat\u00f3licos chinos son muy devotos de la Virgen Mar\u00eda. En mayo se realizan peregrinaciones a santuarios muy venerados como el de Sheshan en Shangh\u00e1i.<\/p>\n<p style=\"text-align: justify;\">\u00a0\u00a0\u00a0Adem\u00e1s, en ese mes de mayo, <a href=\"http:\/\/www.aciprensa.com\/noticias\/china-se-ordenan-seis-sacerdotes-y-ofrecen-disposicion-hasta-el-martirio-11395\/\" target=\"_blank\">se ordenan muchos sacerdotes que ofrecen a Dios su plena disposici\u00f3n al martirio<\/a>.<\/p>\n<p><center><iframe loading=\"lazy\" src=\"\/\/www.youtube.com\/embed\/r-zuvfKeaRQ\" height=\"390\" width=\"640\" allowfullscreen=\"\" frameborder=\"0\"><\/iframe><\/center><\/p>\n<p style=\"text-align: justify; padding-left: 40px;\"><strong> Tres iglesias, una sola fe<\/strong><\/p>\n<p style=\"text-align: justify;\">\u00a0\u00a0\u00a0Compartimos con los cat\u00f3licos chinos una misma e id\u00e9ntica fe. Sus sacramentos son v\u00e1lidos. Pero la iglesia china sigue funcionando de forma aut\u00f3noma, sin estar sometida a la autoridad del Papa. Y esto ocurre desde los tiempos de P\u00edo XII, un Papa Venerable que llor\u00f3 amargamente cuando vio las fotos de las primeras consagraciones de obispos chinos sin mandato apost\u00f3licos, v\u00e1lidas, pero ileg\u00edtimas. Eran, por otra parte, sus candidatos por su piedad y preparaci\u00f3n al ministerio episcopal.<\/p>\n<p style=\"text-align: justify;\">\u00a0\u00a0\u00a0En la actualidad conviven tres iglesias cat\u00f3licas en China: la iglesia clandestina, unida a Roma. Est\u00e1 condenada al silencio. Es la llamada iglesia fiel que sobrevive desde la victoria comunista en la China continental en el a\u00f1o 1949.<\/p>\n<p style=\"text-align: justify;\">\u00a0\u00a0\u00a0Sigue la Iglesia oficial o la patri\u00f3tica, bajo el control y supervisi\u00f3n del partido comunista, una situaci\u00f3n que se mantiene en la actualidad pese a la llegada de la quinta generaci\u00f3n comunista al poder. No se puede abrir una iglesia o un seminario sin la autorizaci\u00f3n previa del gobierno.<\/p>\n<p style=\"text-align: justify;\">\u00a0\u00a0\u00a0Queda una tercera, formada por los obispos de la Iglesia patri\u00f3tica, elegidos por el gobierno y que han contado posteriormente con el respaldo de Roma. Se encuentran sin libertad para ejercer su ministerio en un dif\u00edcil conflicto de fidelidades.<\/p>\n<p><a href=\"http:\/\/www.aciprensa.com\/noticias\/futuro-sacerdote-chino-fiel-a-la-iglesia-relata-drama-de-catolicos-en-china-98330\/\" target=\"_blank\">Testimonio sacerdote chino<\/a>.<\/p>\n<p style=\"text-align: justify;\">\u00a0\u00a0\u00a0El gobierno comunista chino mantiene esta divisi\u00f3n artificial al no renunciar al nombramiento de los candidatos a presidir las di\u00f3cesis. Reclama adem\u00e1s a la Santa Sede que rompa relaciones diplom\u00e1ticas con Taiw\u00e1n.<\/p>\n<p style=\"text-align: justify;\">\u00a0\u00a0\u00a0Roma se mantiene firme y rechaza esta extorsi\u00f3n. Es la voz de los sin voz, tambi\u00e9n en China.<\/p>\n<div style=\"background-color: #eda8a8; line-height: 1.5; border-radius: 3px 3px 3px 3px; border: 1px solid #DA4E49; text-align: center; margin: 0 0 10px 0;\">UNA IGLESIA CAT\u00d3LICA, QUE VIVE EN EL SIGLO XXI EN LAS CATACUMBAS<\/div>\n<p><center><iframe loading=\"lazy\" src=\"http:\/\/www.adnstream.com\/embed3\/qhuYgaQvoY\" height=\"398\" width=\"706\" frameborder=\"0\" scrolling=\"no\"><\/iframe><\/center><\/p>\n<p style=\"text-align: justify; padding-left: 40px;\"><strong> EL PAPA FRANCISCO PIDE QUE RECEMOS POR NUESTROS HERMANOS DE CHINA<\/strong><\/p>\n<p style=\"text-align: justify;\">\u00a0\u00a0\u00a0El Papa Francisco ha recordado que la resoluci\u00f3n del conflicto chino llegar\u00e1 mediante dos armas poderosas, que est\u00e1n por encima de las negociaciones humanas. En primer lugar, el Papa nos se\u00f1ala siempre la importancia de la oraci\u00f3n a Dios, en especial en este largo conflicto, para que ilumine a las autoridades comunistas de Pek\u00edn y conceden la libertad que reclaman las iglesias cristianas.<\/p>\n<p style=\"text-align: justify;\">\u00a0\u00a0\u00a0El Papa tambi\u00e9n nos recuerda, y lo hace de forma reiterada, la poderosa intercesi\u00f3n de Mar\u00eda, nuestra Madre del Cielo. As\u00ed lo hizo en el primer mes de mayo como Sumo Pont\u00edfice de la Iglesia Cat\u00f3lica.<\/p>\n<p style=\"text-align: justify;\">\u00a0\u00a0\u00a0 El d\u00eda 24 de mayo, fiesta de Mar\u00eda de Mar\u00eda Auxiliadora -advocaci\u00f3n venerada de manera especial en el Santuario de Sheshan, en Shanghai (China)- el Papa Francisco pidi\u00f3 a los cat\u00f3licos que recen por los hermanos y hermanas de esa naci\u00f3n asi\u00e1tica en donde los creyentes sufren persecuci\u00f3n como los cristianos de los primeros siglos.<\/p>\n<p style=\"text-align: justify;\">\u00a0\u00a0\u00a0&#8220;Invito a todos los cat\u00f3licos de todo el mundo a unirse en oraci\u00f3n con nuestros hermanos y hermanas que est\u00e1n en China, para implorar de Dios la gracia de proclamar con humildad y con gozo a Cristo, muerto y resucitado, de ser fieles a su Iglesia y al Sucesor de Pedro y de vivir la vida cotidiana en el servicio a su pa\u00eds y a sus conciudadanos de una manera coherente con la fe que profesan&#8221;, exhort\u00f3 el Papa.<img loading=\"lazy\" decoding=\"async\" onclick=\"document.getElementById('oculto2').style.display='block'\" alt=\"\" src=\"http:\/\/www.parroquiasanmiguelarcangel.es\/web\/wp-content\/uploads\/2014\/01\/Leer_mas.gif\" width=\"70\" height=\"20\" align=\"middle\" \/><img loading=\"lazy\" decoding=\"async\" onclick=\"document.getElementById('oculto2').style.display='none'\" alt=\"\" src=\"http:\/\/www.parroquiasanmiguelarcangel.es\/web\/wp-content\/uploads\/2014\/01\/Leer_menos.gif\" width=\"70\" height=\"20\" align=\"middle\" \/><\/p>\n<div id=\"oculto2\" style=\"display: none;\">\n<p style=\"text-align: justify;\">\u00a0\u00a0\u00a0El Papa se\u00f1al\u00f3 que la oraci\u00f3n por ellos es &#8220;para implorar de Dios la gracia de proclamar con humildad y con gozo a Cristo, muerto y resucitado, de ser fieles a su Iglesia y al Sucesor de Pedro y de vivir la vida cotidiana en el servicio a su pa\u00eds y a sus conciudadanos de una manera coherente con la fe que profesan&#8221;<\/p>\n<p style=\"text-align: justify;\">\u00a0\u00a0\u00a0Ante los miles de fieles reunidos en la Plaza San Pedro, el Pont\u00edfice dijo &#8220;haciendo nuestras algunas de las palabras de la oraci\u00f3n a Nuestra Se\u00f1ora de Sheshan, me gustar\u00eda invocar con ustedes a Mar\u00eda as\u00ed: \u00b4Se\u00f1ora nuestra de Sheshan, alienta el compromiso de quienes en China, en medio de las fatigas cotidianas, siguen creyendo, esperando y amando, para que nunca teman hablar de Jes\u00fas al mundo y del mundo a Jes\u00fas\u00b4&#8221;.<\/p>\n<p style=\"text-align: justify;\">\u00a0\u00a0\u00a0Esta frase es parte de una oraci\u00f3n compuesta el Obispo Em\u00e9rito de Roma, que acompa\u00f1aba una carta con fecha 27 de mayo, Solemnidad de Pentecost\u00e9s en el a\u00f1o 2007, dirigida a los Obispos, Presb\u00edteros, personas consagradas y fieles laicos de la Iglesia Cat\u00f3lica en la Rep\u00fablica Popular de China.<\/p>\n<p style=\"text-align: justify;\">\u00a0\u00a0\u00a0Para finalizar el momento de oraci\u00f3n, el Papa pidi\u00f3 &#8220;que Mar\u00eda, Virgen fiel, sostenga a los cat\u00f3licos chinos, haga cada vez m\u00e1s preciosos a los ojos del Se\u00f1or sus no f\u00e1ciles compromisos y que haga crecer el afecto y la participaci\u00f3n de la Iglesia que est\u00e1 en China al camino de la Iglesia universal&#8221;.<\/p>\n<\/div>\n","protected":false},"excerpt":{"rendered":"<p>CHINA CELEBR\u00d3 EL D\u00cdA 31 DE ENERO SU A\u00d1O NUEVO \u00a0\u00a0\u00a0China ha celebrado el d\u00eda 31 de enero el nuevo a\u00f1o, el del caballo, aunque los cat\u00f3licos chinos no ven [&hellip;]<\/p>\n","protected":false},"author":2,"featured_media":0,"parent":0,"menu_order":0,"comment_status":"closed","ping_status":"closed","template":"","meta":{"_et_pb_use_builder":"","_et_pb_old_content":"","_et_gb_content_width":"","_mc_calendar":[],"footnotes":""},"class_list":["post-3601","page","type-page","status-publish","hentry"],"_links":{"self":[{"href":"http:\/\/www.parroquiasanmiguelarcangel.es\/web\/wp-json\/wp\/v2\/pages\/3601","targetHints":{"allow":["GET"]}}],"collection":[{"href":"http:\/\/www.parroquiasanmiguelarcangel.es\/web\/wp-json\/wp\/v2\/pages"}],"about":[{"href":"http:\/\/www.parroquiasanmiguelarcangel.es\/web\/wp-json\/wp\/v2\/types\/page"}],"author":[{"embeddable":true,"href":"http:\/\/www.parroquiasanmiguelarcangel.es\/web\/wp-json\/wp\/v2\/users\/2"}],"replies":[{"embeddable":true,"href":"http:\/\/www.parroquiasanmiguelarcangel.es\/web\/wp-json\/wp\/v2\/comments?post=3601"}],"version-history":[{"count":37,"href":"http:\/\/www.parroquiasanmiguelarcangel.es\/web\/wp-json\/wp\/v2\/pages\/3601\/revisions"}],"predecessor-version":[{"id":3606,"href":"http:\/\/www.parroquiasanmiguelarcangel.es\/web\/wp-json\/wp\/v2\/pages\/3601\/revisions\/3606"}],"wp:attachment":[{"href":"http:\/\/www.parroquiasanmiguelarcangel.es\/web\/wp-json\/wp\/v2\/media?parent=3601"}],"curies":[{"name":"wp","href":"https:\/\/api.w.org\/{rel}","templated":true}]}}