{"id":485,"date":"2008-12-03T00:23:48","date_gmt":"2008-12-02T23:23:48","guid":{"rendered":"http:\/\/www.parroquiasanmiguelarcangel.es\/web\/?page_id=485"},"modified":"2008-12-03T12:19:47","modified_gmt":"2008-12-03T11:19:47","slug":"adoracion-de-jovenes-al-santisimo","status":"publish","type":"page","link":"http:\/\/www.parroquiasanmiguelarcangel.es\/web\/retiros-y-oracion\/adoracion-de-jovenes-al-santisimo","title":{"rendered":"Adoraci\u00f3n de j\u00f3venes al Sant\u00edsimo"},"content":{"rendered":"<p><\/br><\/p>\n<p style=\"text-align: justify;\">&nbsp;&nbsp;&nbsp;Los jueves por la noche, de 21 a 22 horas, el Sant\u00edsimo vuelve a estar expuesto para todos aquellos que durante el d\u00eda no disponen de mucho tiempo para acercarse a la oraci\u00f3n.<br \/>\n&nbsp;&nbsp;&nbsp;Es una oraci\u00f3n preparada por j\u00f3venes, pero abierta a todo el mundo; en ella se combinan las lecturas del domingo siguiente, con una peque\u00f1a homil\u00eda y tiempos de silencio y cantos.<br \/>\n&nbsp;&nbsp;&nbsp;Si los jueves no te va bien este horario, hay un grupo de j\u00f3venes de la parroquia que acude los martes al Seminario Conciliar (calle San Buenaventura, n\u00ba 9), donde a las 21&#8217;00 tiene lugar una adoraci\u00f3n al Sant\u00edsimo, de una hora de duraci\u00f3n, en la que juegan un papel muy importante la m\u00fasica y el canto, que no s\u00f3lo no distraen, sino que ayudan a centrar la oraci\u00f3n. El tiempo de oraci\u00f3n tambi\u00e9n est\u00e1 ambientado con peque\u00f1as reflexiones y oraciones de un sacerdote en voz alta. Durante la hora que dura la adoraci\u00f3n se tiene adem\u00e1s la posibilidad de acudir al sacramento de la reconciliaci\u00f3n, gracias a dos sacerdotes disponibles en los confesionarios a la entrada de la Iglesia.<\/p>\n","protected":false},"excerpt":{"rendered":"<p>&nbsp;&nbsp;&nbsp;Los jueves por la noche, de 21 a 22 horas, el Sant\u00edsimo vuelve a estar expuesto para todos aquellos que durante el d\u00eda no disponen de mucho tiempo para acercarse [&hellip;]<\/p>\n","protected":false},"author":2,"featured_media":0,"parent":23,"menu_order":0,"comment_status":"closed","ping_status":"closed","template":"","meta":{"_et_pb_use_builder":"","_et_pb_old_content":"","_et_gb_content_width":"","_mc_calendar":[],"footnotes":""},"class_list":["post-485","page","type-page","status-publish","hentry"],"_links":{"self":[{"href":"http:\/\/www.parroquiasanmiguelarcangel.es\/web\/wp-json\/wp\/v2\/pages\/485","targetHints":{"allow":["GET"]}}],"collection":[{"href":"http:\/\/www.parroquiasanmiguelarcangel.es\/web\/wp-json\/wp\/v2\/pages"}],"about":[{"href":"http:\/\/www.parroquiasanmiguelarcangel.es\/web\/wp-json\/wp\/v2\/types\/page"}],"author":[{"embeddable":true,"href":"http:\/\/www.parroquiasanmiguelarcangel.es\/web\/wp-json\/wp\/v2\/users\/2"}],"replies":[{"embeddable":true,"href":"http:\/\/www.parroquiasanmiguelarcangel.es\/web\/wp-json\/wp\/v2\/comments?post=485"}],"version-history":[{"count":5,"href":"http:\/\/www.parroquiasanmiguelarcangel.es\/web\/wp-json\/wp\/v2\/pages\/485\/revisions"}],"predecessor-version":[{"id":508,"href":"http:\/\/www.parroquiasanmiguelarcangel.es\/web\/wp-json\/wp\/v2\/pages\/485\/revisions\/508"}],"up":[{"embeddable":true,"href":"http:\/\/www.parroquiasanmiguelarcangel.es\/web\/wp-json\/wp\/v2\/pages\/23"}],"wp:attachment":[{"href":"http:\/\/www.parroquiasanmiguelarcangel.es\/web\/wp-json\/wp\/v2\/media?parent=485"}],"curies":[{"name":"wp","href":"https:\/\/api.w.org\/{rel}","templated":true}]}}